{"id":10,"date":"2014-02-02T20:18:40","date_gmt":"2014-02-02T19:18:40","guid":{"rendered":"http:\/\/forstmuseum.at\/CWL\/?page_id=10"},"modified":"2025-10-11T18:59:38","modified_gmt":"2025-10-11T17:59:38","slug":"campingplatz","status":"publish","type":"page","link":"https:\/\/old.camping-weiberlauf.at\/?page_id=10","title":{"rendered":"Campingplatz"},"content":{"rendered":"\n<h2 class=\"wp-block-heading\">Herzlich Willkommen im 1. \u00d6sterreichischen Holzknecht-Camp und Campingplatz direkt an der Salza seit 1986!<\/h2>\n\n\n\n<p><b>Der Campingplatz Weiberlauf \u00fcbernommen mit Beginn 2017 durch UP &amp; DOWN welcher auch Rafting, Kanu, Miniraft und SUP Vorort seit 1989 vor Ort anbietet. <\/b><\/p>\n\n\n\n<p><b>Verleih von Kajaks, Kanus,&nbsp; SUP-Boards, Minirafts&nbsp;<\/b><\/p>\n\n\n\n<p><b>Flossbauseminare direkt am Fluss am eigenen Salzastrand bereits<\/b><b>&nbsp;im beruhigten Bereich der Salza.<\/b><\/p>\n\n\n\n<div class=\"wp-block-cover aligncenter\"><img loading=\"lazy\" decoding=\"async\" width=\"2560\" height=\"1707\" class=\"wp-block-cover__image-background wp-image-844\" alt=\"\" src=\"http:\/\/old.camping-weiberlauf.at\/wp-content\/uploads\/2022\/02\/Aufenthaltsraum-mit-offener-Feuerstelle-bei-den-Chalets-scaled.jpg\" data-object-fit=\"cover\" srcset=\"https:\/\/old.camping-weiberlauf.at\/wp-content\/uploads\/2022\/02\/Aufenthaltsraum-mit-offener-Feuerstelle-bei-den-Chalets-scaled.jpg 2560w, https:\/\/old.camping-weiberlauf.at\/wp-content\/uploads\/2022\/02\/Aufenthaltsraum-mit-offener-Feuerstelle-bei-den-Chalets-300x200.jpg 300w, https:\/\/old.camping-weiberlauf.at\/wp-content\/uploads\/2022\/02\/Aufenthaltsraum-mit-offener-Feuerstelle-bei-den-Chalets-1024x683.jpg 1024w, https:\/\/old.camping-weiberlauf.at\/wp-content\/uploads\/2022\/02\/Aufenthaltsraum-mit-offener-Feuerstelle-bei-den-Chalets-768x512.jpg 768w, https:\/\/old.camping-weiberlauf.at\/wp-content\/uploads\/2022\/02\/Aufenthaltsraum-mit-offener-Feuerstelle-bei-den-Chalets-1536x1024.jpg 1536w, https:\/\/old.camping-weiberlauf.at\/wp-content\/uploads\/2022\/02\/Aufenthaltsraum-mit-offener-Feuerstelle-bei-den-Chalets-2048x1366.jpg 2048w, https:\/\/old.camping-weiberlauf.at\/wp-content\/uploads\/2022\/02\/Aufenthaltsraum-mit-offener-Feuerstelle-bei-den-Chalets-940x627.jpg 940w\" sizes=\"auto, (max-width: 2560px) 100vw, 2560px\" \/><span aria-hidden=\"true\" class=\"wp-block-cover__background has-background-dim\"><\/span><div class=\"wp-block-cover__inner-container is-layout-flow wp-block-cover-is-layout-flow\">\n<p class=\"has-text-align-center has-large-font-size\"><\/p>\n<\/div><\/div>\n\n\n\n<p>Inmitten des&nbsp;<b>obersteirischen Naturparks Eisen-wurzen<\/b>&nbsp;liegt nahe der E<b>inm\u00fcndung der Salza in die Enns bei Gro\u00dfreifling \/ Landl<\/b>&nbsp;der Campingplatz Weiberlauf.&nbsp;Auf einer rund 2 ha gro\u00dfen gepflegten&nbsp;<b>Naturanlage<\/b>&nbsp;stehen \u00fcber&nbsp;<b>50 Stellpl\u00e4tze&nbsp;<\/b>mit&nbsp;<b>Stromanschluss, Feuerstellen<\/b>&nbsp;f\u00fcr alle Campingg\u00e4sten f\u00fcr Wohnwagen, Wohnmobile und Zelte auf 3 Etagen zur Verf\u00fcgung.<br>Im <strong>Haupthaus und&nbsp;<\/strong><b>Rezeption<\/b>&nbsp;befindet sich neben einem ger\u00e4umigen&nbsp;<b>Ess- und Aufenthalts-raum<\/b>&nbsp;mit&nbsp;<b>Gastronomiebetrieb<\/b>&nbsp;und&nbsp;sauberen <b>Sanit\u00e4ranlagen<\/b>&nbsp;auch besonders gruppenfreundliche Unterk\u00fcnfte im Obergeschoss, zwei gem\u00fctliches Mehrbettenlager<b>&nbsp;mit Kojen<\/b> f\u00fcr max. 40 Personen. Ideal bietet sich allen Outdoorsportlern an. <b>D<\/b>er direkte Zugang von der Ausstiegsstelle am Salzastrand zum Campingplatz ist ideal. Zus\u00e4tzlich bietet 8 Holzf\u00e4llerh\u00fctten (Chalets) f\u00fcr je 4 Personen in der 3 Ebene des Campingplatzes die ideale Unterkunft f\u00fcr Wanderer, Biker, Motorradfahrer mit leichten Geb\u00e4ck. Getr\u00e4nke und Essen werden direkt am Platz angeboten. 1 Jurten f\u00fcr max. 8 Personen&nbsp; und 2 Jurten f\u00fcr max. 10 Personen. K\u00f6nnen auch f\u00fcr kleine Gruppen und Familien werden mit eigenen Grillstellen. Ideal auch f\u00fcr Radfahrer und Biker. Keine Minimum an Personenanzahl. Sehen sei sich die verschiedenen Quartiere unter aktuelle Fotos unter Video&nbsp; an.<\/p>\n\n\n\n<p>Freie WLAN Benutzung im Bereich des Hauptgeb\u00e4udes.<br><b>Nutzen Sie auch die vielf\u00e4ltigen M\u00f6glichkeiten des Freizeitcamps Weiberlauf!<\/b><\/p>\n\n\n\n<h2 class=\"wp-block-heading\">in der Nationalparkgemeinde Landl im Ges\u00e4use<\/h2>\n\n\n\n<figure class=\"wp-block-image aligncenter\"><a href=\"http:\/\/old.camping-weiberlauf.at\/wp-content\/uploads\/2022\/02\/Chalets-von-Innen-mit-Tisch-und-Baenken-scaled.jpg\"><img loading=\"lazy\" decoding=\"async\" width=\"2560\" height=\"1708\" src=\"http:\/\/old.camping-weiberlauf.at\/wp-content\/uploads\/2022\/02\/Chalets-von-Innen-mit-Tisch-und-Baenken-scaled.jpg\" alt=\"\" class=\"wp-image-846\" srcset=\"https:\/\/old.camping-weiberlauf.at\/wp-content\/uploads\/2022\/02\/Chalets-von-Innen-mit-Tisch-und-Baenken-scaled.jpg 2560w, https:\/\/old.camping-weiberlauf.at\/wp-content\/uploads\/2022\/02\/Chalets-von-Innen-mit-Tisch-und-Baenken-300x200.jpg 300w, https:\/\/old.camping-weiberlauf.at\/wp-content\/uploads\/2022\/02\/Chalets-von-Innen-mit-Tisch-und-Baenken-1024x683.jpg 1024w, https:\/\/old.camping-weiberlauf.at\/wp-content\/uploads\/2022\/02\/Chalets-von-Innen-mit-Tisch-und-Baenken-768x512.jpg 768w, https:\/\/old.camping-weiberlauf.at\/wp-content\/uploads\/2022\/02\/Chalets-von-Innen-mit-Tisch-und-Baenken-1536x1025.jpg 1536w, https:\/\/old.camping-weiberlauf.at\/wp-content\/uploads\/2022\/02\/Chalets-von-Innen-mit-Tisch-und-Baenken-2048x1366.jpg 2048w, https:\/\/old.camping-weiberlauf.at\/wp-content\/uploads\/2022\/02\/Chalets-von-Innen-mit-Tisch-und-Baenken-940x627.jpg 940w\" sizes=\"auto, (max-width: 2560px) 100vw, 2560px\" \/><\/a><\/figure>\n\n\n\n<p>Am Campingplatz Weiberlauf, dirket an der Salza gelegen, befinden sich auf der dritten Stell-Etage, 8 Ducks (Holz Chalets)und eine gemeinsame, zentrale Koch- und Feuerstelle. Aufgezimert mit Fichtenrundholz und eingedeckt mit heimischer Fichtenlaft&#8217;n (Rinde) ist jeder Duck mit 4 gem\u00fctlichen Schlafstellen, Tisch und Bank ausgestattet. Ein Schlafquartier inmitten von Wald, Wasser, Wiesen am klaren Salzawasser &#8211; der freien Natur ganz nah!<\/p>\n","protected":false},"excerpt":{"rendered":"<p>Herzlich Willkommen im 1. \u00d6sterreichischen Holzknecht-Camp und Campingplatz direkt an der Salza seit 1986! Der Campingplatz Weiberlauf \u00fcbernommen mit Beginn 2017 durch UP &amp; DOWN welcher auch Rafting, Kanu, Miniraft und SUP Vorort seit 1989 vor Ort anbietet. Verleih von &#8230; <a class=\"more-link\" href=\"https:\/\/old.camping-weiberlauf.at\/?page_id=10\">Read More &raquo;<\/a><\/p>\n","protected":false},"author":1,"featured_media":0,"parent":0,"menu_order":0,"comment_status":"closed","ping_status":"closed","template":"","meta":{"ngg_post_thumbnail":0,"footnotes":""},"class_list":["post-10","page","type-page","status-publish","hentry"],"_links":{"self":[{"href":"https:\/\/old.camping-weiberlauf.at\/index.php?rest_route=\/wp\/v2\/pages\/10","targetHints":{"allow":["GET"]}}],"collection":[{"href":"https:\/\/old.camping-weiberlauf.at\/index.php?rest_route=\/wp\/v2\/pages"}],"about":[{"href":"https:\/\/old.camping-weiberlauf.at\/index.php?rest_route=\/wp\/v2\/types\/page"}],"author":[{"embeddable":true,"href":"https:\/\/old.camping-weiberlauf.at\/index.php?rest_route=\/wp\/v2\/users\/1"}],"replies":[{"embeddable":true,"href":"https:\/\/old.camping-weiberlauf.at\/index.php?rest_route=%2Fwp%2Fv2%2Fcomments&post=10"}],"version-history":[{"count":52,"href":"https:\/\/old.camping-weiberlauf.at\/index.php?rest_route=\/wp\/v2\/pages\/10\/revisions"}],"predecessor-version":[{"id":988,"href":"https:\/\/old.camping-weiberlauf.at\/index.php?rest_route=\/wp\/v2\/pages\/10\/revisions\/988"}],"wp:attachment":[{"href":"https:\/\/old.camping-weiberlauf.at\/index.php?rest_route=%2Fwp%2Fv2%2Fmedia&parent=10"}],"curies":[{"name":"wp","href":"https:\/\/api.w.org\/{rel}","templated":true}]}}